{"id":1328,"date":"2023-05-26T02:43:45","date_gmt":"2023-05-26T02:43:45","guid":{"rendered":"https:\/\/demothemedh.b-cdn.net\/marco-good\/?page_id=1328"},"modified":"2026-02-11T12:50:11","modified_gmt":"2026-02-11T11:50:11","slug":"about","status":"publish","type":"page","link":"https:\/\/pouletos.com\/Nouveau\/about\/","title":{"rendered":"About"},"content":{"rendered":"\t\t<div data-elementor-type=\"wp-page\" data-elementor-id=\"1328\" class=\"elementor elementor-1328\">\n\t\t\t\t<div class=\"elementor-element elementor-element-edd672c e-flex e-con-boxed e-con e-parent\" data-id=\"edd672c\" data-element_type=\"container\">\n\t\t\t\t\t<div class=\"e-con-inner\">\n\t\t<div class=\"elementor-element elementor-element-61c5380 e-grid e-con-boxed e-con e-child\" data-id=\"61c5380\" data-element_type=\"container\">\n\t\t\t\t\t<div class=\"e-con-inner\">\n\t\t\t\t<div class=\"elementor-element elementor-element-60eb0dd elementor-hidden-tablet elementor-hidden-mobile_extra elementor-hidden-mobile elementor-widget elementor-widget-image\" data-id=\"60eb0dd\" data-element_type=\"widget\" data-widget_type=\"image.default\">\n\t\t\t\t\t\t\t\t\t\t\t\t\t\t\t<img fetchpriority=\"high\" width=\"690\" height=\"682\" src=\"https:\/\/pouletos.com\/Nouveau\/wp-content\/uploads\/2025\/11\/boutique.jpg\" class=\"attachment-full size-full wp-image-2563\" alt=\"\" srcset=\"https:\/\/pouletos.com\/Nouveau\/wp-content\/uploads\/2025\/11\/boutique.jpg 690w, https:\/\/pouletos.com\/Nouveau\/wp-content\/uploads\/2025\/11\/boutique-300x297.jpg 300w, https:\/\/pouletos.com\/Nouveau\/wp-content\/uploads\/2025\/11\/boutique-100x100.jpg 100w, https:\/\/pouletos.com\/Nouveau\/wp-content\/uploads\/2025\/11\/boutique-96x96.jpg 96w\" sizes=\"(max-width: 690px) 100vw, 690px\" \/>\t\t\t\t\t\t\t\t\t\t\t\t\t\t\t<\/div>\n\t\t<div class=\"elementor-element elementor-element-dff801b e-con-full elementor-hidden-mobile e-flex e-con e-child\" data-id=\"dff801b\" data-element_type=\"container\" data-settings=\"{&quot;background_background&quot;:&quot;classic&quot;,&quot;position&quot;:&quot;absolute&quot;}\">\n\t\t\t\t<div class=\"elementor-element elementor-element-fd34508 e-transform elementor-widget elementor-widget-text-editor\" data-id=\"fd34508\" data-element_type=\"widget\" data-settings=\"{&quot;_transform_rotateZ_effect&quot;:{&quot;unit&quot;:&quot;px&quot;,&quot;size&quot;:-26,&quot;sizes&quot;:[]},&quot;_transform_rotateZ_effect_laptop&quot;:{&quot;unit&quot;:&quot;deg&quot;,&quot;size&quot;:&quot;&quot;,&quot;sizes&quot;:[]},&quot;_transform_rotateZ_effect_tablet_extra&quot;:{&quot;unit&quot;:&quot;deg&quot;,&quot;size&quot;:&quot;&quot;,&quot;sizes&quot;:[]},&quot;_transform_rotateZ_effect_tablet&quot;:{&quot;unit&quot;:&quot;deg&quot;,&quot;size&quot;:&quot;&quot;,&quot;sizes&quot;:[]},&quot;_transform_rotateZ_effect_mobile_extra&quot;:{&quot;unit&quot;:&quot;deg&quot;,&quot;size&quot;:&quot;&quot;,&quot;sizes&quot;:[]},&quot;_transform_rotateZ_effect_mobile&quot;:{&quot;unit&quot;:&quot;deg&quot;,&quot;size&quot;:&quot;&quot;,&quot;sizes&quot;:[]}}\" data-widget_type=\"text-editor.default\">\n\t\t\t\t\t\t\t\t\t<p>Poulet<br \/>wings<br \/>Riz<br \/>P\u00e2tes<\/p>\t\t\t\t\t\t\t\t<\/div>\n\t\t\t\t<\/div>\n\t\t<div class=\"elementor-element elementor-element-d04325e e-con-full e-flex e-con e-child\" data-id=\"d04325e\" data-element_type=\"container\">\n\t\t\t\t<div class=\"elementor-element elementor-element-431f9d4 elementor-widget elementor-widget-heading\" data-id=\"431f9d4\" data-element_type=\"widget\" data-widget_type=\"heading.default\">\n\t\t\t\t\t<h2 class=\"elementor-heading-title elementor-size-default\">\u00c0 propos <br>de nous<\/h2>\t\t\t\t<\/div>\n\t\t\t\t<div class=\"elementor-element elementor-element-af6fefb elementor-widget elementor-widget-text-editor\" data-id=\"af6fefb\" data-element_type=\"widget\" data-widget_type=\"text-editor.default\">\n\t\t\t\t\t\t\t\t\t<p>Pouletos est aujourd\u2019hui <strong data-start=\"269\" data-end=\"312\">la r\u00e9f\u00e9rence du poulet brais\u00e9 en France<\/strong>, avec plus de <strong data-start=\"327\" data-end=\"370\">30 magasins implant\u00e9s dans tout le pays<\/strong>. Notre histoire repose sur une passion : offrir un poulet brais\u00e9 d\u2019exception, pr\u00e9par\u00e9 avec un savoir-faire unique, des ingr\u00e9dients de qualit\u00e9 et une g\u00e9n\u00e9rosit\u00e9 qui fait notre r\u00e9putation.<\/p>\t\t\t\t\t\t\t\t<\/div>\n\t\t\t\t<\/div>\n\t\t\t\t\t<\/div>\n\t\t\t\t<\/div>\n\t\t\t\t\t<\/div>\n\t\t\t\t<\/div>\n\t\t<div class=\"elementor-element elementor-element-3479922 e-flex e-con-boxed e-con e-parent\" data-id=\"3479922\" data-element_type=\"container\">\n\t\t\t\t\t<div class=\"e-con-inner\">\n\t\t\t\t<div class=\"elementor-element elementor-element-451c2b1 elementor-widget elementor-widget-heading\" data-id=\"451c2b1\" data-element_type=\"widget\" data-widget_type=\"heading.default\">\n\t\t\t\t\t<h3 class=\"elementor-heading-title elementor-size-default\">INTRODUCING<\/h3>\t\t\t\t<\/div>\n\t\t\t\t<div class=\"elementor-element elementor-element-85d977c elementor-widget elementor-widget-heading\" data-id=\"85d977c\" data-element_type=\"widget\" data-widget_type=\"heading.default\">\n\t\t\t\t\t<h2 class=\"elementor-heading-title elementor-size-default\">Notre Savoir-Faire<\/h2>\t\t\t\t<\/div>\n\t\t\t\t<div class=\"elementor-element elementor-element-bc53b5e elementor-widget__width-initial elementor-widget elementor-widget-text-editor\" data-id=\"bc53b5e\" data-element_type=\"widget\" data-widget_type=\"text-editor.default\">\n\t\t\t\t\t\t\t\t\t<p>Chaque poulet est s\u00e9lectionn\u00e9 avec soin, marin\u00e9 dans un m\u00e9lange exclusif d\u2019\u00e9pices, puis brais\u00e9 et grill\u00e9 selon notre m\u00e9thode signature.<br data-start=\"721\" data-end=\"724\" \/>Cette cuisson ma\u00eetris\u00e9e nous permet d\u2019obtenir une peau parfaitement dor\u00e9e et croustillante, tout en conservant une chair tendre, juteuse et parfum\u00e9e.<br data-start=\"873\" data-end=\"876\" \/>Ce go\u00fbt inimitable est devenu notre marque de fabrique et la raison pour laquelle des milliers de clients nous font confiance chaque jour.<\/p>\t\t\t\t\t\t\t\t<\/div>\n\t\t\t\t\t<\/div>\n\t\t\t\t<\/div>\n\t\t<div class=\"elementor-element elementor-element-5239861 e-flex e-con-boxed e-con e-parent\" data-id=\"5239861\" data-element_type=\"container\" data-settings=\"{&quot;background_background&quot;:&quot;classic&quot;,&quot;shape_divider_top&quot;:&quot;marco-good-shape&quot;,&quot;shape_divider_bottom&quot;:&quot;marco-good-shape&quot;}\">\n\t\t\t\t\t<div class=\"e-con-inner\">\n\t\t\t\t<div class=\"elementor-shape elementor-shape-top\" aria-hidden=\"true\" data-negative=\"false\">\n\t\t\t<svg viewBox=\"0 0 1920 25\" preserveAspectRatio=\"none\" xmlns=\"http:\/\/www.w3.org\/2000\/svg\">\n    <path class=\"elementor-shape-fill\" d=\"M0 11.2c0 13.703 1.222 13.793 35.835 2.641C70.526 2.664 99.241 2.289 128 12.637c28.216 10.154 55.448 10.243 86.4.282 31.804-10.235 58.635-10.302 88-.218 29.184 10.021 56.124 9.997 88-.08 31.031-9.809 55.535-9.758 86.4.179 31 9.981 55.411 10.003 86.4.08 31.984-10.241 58.739-10.262 88-.066 29.183 10.169 56.251 10.164 86.4-.014 29.994-10.126 57.164-10.166 86.4-.128 29.851 10.248 56.688 10.324 88 .247 31.963-10.286 58.689-10.318 88-.105 29.335 10.222 56.316 10.182 86.4-.128 29.504-10.112 56.732-10.151 86.19-.124 27.999 9.53 49.079 9.554 77.22.089 30.247-10.173 60.234-10.201 87.79-.081 28.33 10.404 58.114 10.458 88 .158 29.651-10.218 56.698-10.226 86.4-.027 29.511 10.134 56.676 10.17 86.4.114 29.655-10.032 56.617-10.016 88 .051 31.021 9.952 55.423 9.945 86.4-.024 30.516-9.821 61.188-9.996 87.545-.502 10.309 3.714 27.949 7.695 39.2 8.848L1920 23.284V0H0v11.2\"\/>\n<\/svg>\n\t\t<\/div>\n\t\t\t\t<div class=\"elementor-shape elementor-shape-bottom\" aria-hidden=\"true\" data-negative=\"false\">\n\t\t\t<svg viewBox=\"0 0 1920 25\" preserveAspectRatio=\"none\" xmlns=\"http:\/\/www.w3.org\/2000\/svg\">\n    <path class=\"elementor-shape-fill\" d=\"M0 11.2c0 13.703 1.222 13.793 35.835 2.641C70.526 2.664 99.241 2.289 128 12.637c28.216 10.154 55.448 10.243 86.4.282 31.804-10.235 58.635-10.302 88-.218 29.184 10.021 56.124 9.997 88-.08 31.031-9.809 55.535-9.758 86.4.179 31 9.981 55.411 10.003 86.4.08 31.984-10.241 58.739-10.262 88-.066 29.183 10.169 56.251 10.164 86.4-.014 29.994-10.126 57.164-10.166 86.4-.128 29.851 10.248 56.688 10.324 88 .247 31.963-10.286 58.689-10.318 88-.105 29.335 10.222 56.316 10.182 86.4-.128 29.504-10.112 56.732-10.151 86.19-.124 27.999 9.53 49.079 9.554 77.22.089 30.247-10.173 60.234-10.201 87.79-.081 28.33 10.404 58.114 10.458 88 .158 29.651-10.218 56.698-10.226 86.4-.027 29.511 10.134 56.676 10.17 86.4.114 29.655-10.032 56.617-10.016 88 .051 31.021 9.952 55.423 9.945 86.4-.024 30.516-9.821 61.188-9.996 87.545-.502 10.309 3.714 27.949 7.695 39.2 8.848L1920 23.284V0H0v11.2\"\/>\n<\/svg>\n\t\t<\/div>\n\t\t\t\t<div class=\"elementor-element elementor-element-8a125bc elementor-absolute elementor-hidden-laptop elementor-hidden-tablet_extra elementor-hidden-tablet elementor-hidden-mobile_extra elementor-hidden-mobile elementor-widget elementor-widget-image\" data-id=\"8a125bc\" data-element_type=\"widget\" data-settings=\"{&quot;_position&quot;:&quot;absolute&quot;,&quot;motion_fx_motion_fx_scrolling&quot;:&quot;yes&quot;,&quot;motion_fx_translateY_effect&quot;:&quot;yes&quot;,&quot;motion_fx_translateY_speed&quot;:{&quot;unit&quot;:&quot;px&quot;,&quot;size&quot;:1.4,&quot;sizes&quot;:[]},&quot;motion_fx_rotateZ_effect&quot;:&quot;yes&quot;,&quot;motion_fx_rotateZ_speed&quot;:{&quot;unit&quot;:&quot;px&quot;,&quot;size&quot;:0.3,&quot;sizes&quot;:[]},&quot;motion_fx_devices&quot;:[&quot;desktop&quot;,&quot;laptop&quot;,&quot;tablet_extra&quot;,&quot;tablet&quot;],&quot;motion_fx_translateY_affectedRange&quot;:{&quot;unit&quot;:&quot;%&quot;,&quot;size&quot;:&quot;&quot;,&quot;sizes&quot;:{&quot;start&quot;:0,&quot;end&quot;:100}},&quot;motion_fx_rotateZ_affectedRange&quot;:{&quot;unit&quot;:&quot;%&quot;,&quot;size&quot;:&quot;&quot;,&quot;sizes&quot;:{&quot;start&quot;:0,&quot;end&quot;:100}}}\" data-widget_type=\"image.default\">\n\t\t\t\t\t\t\t\t\t\t\t\t\t\t\t<img src=\"https:\/\/demothemedh.b-cdn.net\/marco-good\/wp-content\/uploads\/2023\/05\/decor1.svg\" title=\"\" alt=\"\" loading=\"lazy\" \/>\t\t\t\t\t\t\t\t\t\t\t\t\t\t\t<\/div>\n\t\t<div class=\"elementor-element elementor-element-a94a7ee e-con-full e-flex e-con e-child\" data-id=\"a94a7ee\" data-element_type=\"container\">\n\t\t<div class=\"elementor-element elementor-element-fda149b e-con-full e-flex e-con e-child\" data-id=\"fda149b\" data-element_type=\"container\">\n\t\t\t\t<div class=\"elementor-element elementor-element-30fbfc7 elementor-view-default elementor-widget elementor-widget-icon\" data-id=\"30fbfc7\" data-element_type=\"widget\" data-widget_type=\"icon.default\">\n\t\t\t\t\t\t\t<div class=\"elementor-icon-wrapper\">\n\t\t\t<div class=\"elementor-icon\">\n\t\t\t\t\t\t<\/div>\n\t\t<\/div>\n\t\t\t\t\t\t<\/div>\n\t\t\t\t<div class=\"elementor-element elementor-element-4b578b1 elementor-widget elementor-widget-heading\" data-id=\"4b578b1\" data-element_type=\"widget\" data-widget_type=\"heading.default\">\n\t\t\t\t\t<h2 class=\"elementor-heading-title elementor-size-default\">Chez Pouletos,nous nous engageons \u00e0 offrir : <\/h2>\t\t\t\t<\/div>\n\t\t\t\t<div class=\"elementor-element elementor-element-a4bc35b elementor-widget elementor-widget-text-editor\" data-id=\"a4bc35b\" data-element_type=\"widget\" data-widget_type=\"text-editor.default\">\n\t\t\t\t\t\t\t\t\t<p data-start=\"1041\" data-end=\"1093\">Chez Pouletos, nous nous engageons \u00e0 offrir :<\/p><ul data-start=\"1094\" data-end=\"1366\"><li data-start=\"1094\" data-end=\"1135\"><p data-start=\"1096\" data-end=\"1135\">Une viande 100 % halal et certifi\u00e9e<\/p><\/li><li data-start=\"1136\" data-end=\"1189\"><p data-start=\"1138\" data-end=\"1189\">Une qualit\u00e9 constante dans tous nos restaurants<\/p><\/li><li data-start=\"1190\" data-end=\"1238\"><p data-start=\"1192\" data-end=\"1238\">Des portions g\u00e9n\u00e9reuses \u00e0 prix accessibles<\/p><\/li><li data-start=\"1239\" data-end=\"1289\"><p data-start=\"1241\" data-end=\"1289\">Un service rapide, chaleureux et respectueux<\/p><\/li><li data-start=\"1290\" data-end=\"1366\"><p data-start=\"1292\" data-end=\"1366\">Une hygi\u00e8ne irr\u00e9prochable et le respect strict des normes alimentaires<\/p><\/li><\/ul><h3 data-start=\"1368\" data-end=\"1389\">\u00a0<\/h3>\t\t\t\t\t\t\t\t<\/div>\n\t\t\t\t<\/div>\n\t\t\t\t<\/div>\n\t\t<div class=\"elementor-element elementor-element-ae9fd02 e-con-full e-flex e-con e-child\" data-id=\"ae9fd02\" data-element_type=\"container\" data-settings=\"{&quot;background_background&quot;:&quot;slideshow&quot;,&quot;background_slideshow_gallery&quot;:[{&quot;id&quot;:2571,&quot;url&quot;:&quot;https:\\\/\\\/pouletos.com\\\/Nouveau\\\/wp-content\\\/uploads\\\/2025\\\/11\\\/pouletbraise.jpg&quot;}],&quot;background_slideshow_loop&quot;:&quot;yes&quot;,&quot;background_slideshow_slide_duration&quot;:5000,&quot;background_slideshow_slide_transition&quot;:&quot;fade&quot;,&quot;background_slideshow_transition_duration&quot;:500}\">\n\t\t\t\t<div class=\"elementor-element elementor-element-4f6a5a5 elementor-widget elementor-widget-image\" data-id=\"4f6a5a5\" data-element_type=\"widget\" data-widget_type=\"image.default\">\n\t\t\t\t\t\t\t\t\t\t\t\t\t\t\t<img width=\"690\" height=\"682\" src=\"https:\/\/pouletos.com\/Nouveau\/wp-content\/uploads\/2025\/11\/pouletbraise.jpg\" class=\"attachment-full size-full wp-image-2571\" alt=\"\" srcset=\"https:\/\/pouletos.com\/Nouveau\/wp-content\/uploads\/2025\/11\/pouletbraise.jpg 690w, https:\/\/pouletos.com\/Nouveau\/wp-content\/uploads\/2025\/11\/pouletbraise-300x297.jpg 300w, https:\/\/pouletos.com\/Nouveau\/wp-content\/uploads\/2025\/11\/pouletbraise-100x100.jpg 100w, https:\/\/pouletos.com\/Nouveau\/wp-content\/uploads\/2025\/11\/pouletbraise-96x96.jpg 96w\" sizes=\"(max-width: 690px) 100vw, 690px\" \/>\t\t\t\t\t\t\t\t\t\t\t\t\t\t\t<\/div>\n\t\t\t\t<\/div>\n\t\t\t\t\t<\/div>\n\t\t\t\t<\/div>\n\t\t<div class=\"elementor-element elementor-element-70d57f8 e-con-full e-flex e-con e-parent\" data-id=\"70d57f8\" data-element_type=\"container\" data-settings=\"{&quot;background_background&quot;:&quot;classic&quot;,&quot;shape_divider_bottom&quot;:&quot;marco-good-shape&quot;}\">\n\t\t\t\t<div class=\"elementor-shape elementor-shape-bottom\" aria-hidden=\"true\" data-negative=\"false\">\n\t\t\t<svg viewBox=\"0 0 1920 25\" preserveAspectRatio=\"none\" xmlns=\"http:\/\/www.w3.org\/2000\/svg\">\n    <path class=\"elementor-shape-fill\" d=\"M0 11.2c0 13.703 1.222 13.793 35.835 2.641C70.526 2.664 99.241 2.289 128 12.637c28.216 10.154 55.448 10.243 86.4.282 31.804-10.235 58.635-10.302 88-.218 29.184 10.021 56.124 9.997 88-.08 31.031-9.809 55.535-9.758 86.4.179 31 9.981 55.411 10.003 86.4.08 31.984-10.241 58.739-10.262 88-.066 29.183 10.169 56.251 10.164 86.4-.014 29.994-10.126 57.164-10.166 86.4-.128 29.851 10.248 56.688 10.324 88 .247 31.963-10.286 58.689-10.318 88-.105 29.335 10.222 56.316 10.182 86.4-.128 29.504-10.112 56.732-10.151 86.19-.124 27.999 9.53 49.079 9.554 77.22.089 30.247-10.173 60.234-10.201 87.79-.081 28.33 10.404 58.114 10.458 88 .158 29.651-10.218 56.698-10.226 86.4-.027 29.511 10.134 56.676 10.17 86.4.114 29.655-10.032 56.617-10.016 88 .051 31.021 9.952 55.423 9.945 86.4-.024 30.516-9.821 61.188-9.996 87.545-.502 10.309 3.714 27.949 7.695 39.2 8.848L1920 23.284V0H0v11.2\"\/>\n<\/svg>\n\t\t<\/div>\n\t\t\t\t<div class=\"elementor-element elementor-element-cfc3961 elementor-widget elementor-widget-marco-good-text-marquee\" data-id=\"cfc3961\" data-element_type=\"widget\" data-widget_type=\"marco-good-text-marquee.default\">\n\t\t\t\t<div class=\"elementor-widget-container\">\n\t\t\t\t\t        <div class=\"marquee\">\n\t\t\t<div class=\"marquee-text\"><p>+30 Magasins en France<\/p><\/div>        <\/div>\n\t\t\t\t\t\t<\/div>\n\t\t\t\t<\/div>\n\t\t\t\t<\/div>\n\t\t<div class=\"elementor-element elementor-element-3c02541 e-flex e-con-boxed e-con e-parent\" data-id=\"3c02541\" data-element_type=\"container\">\n\t\t\t\t\t<div class=\"e-con-inner\">\n\t\t\t\t<div class=\"elementor-element elementor-element-1190742 gallery-spacing-custom elementor-widget elementor-widget-image-gallery\" data-id=\"1190742\" data-element_type=\"widget\" data-widget_type=\"image-gallery.default\">\n\t\t\t\t<div class=\"elementor-widget-container\">\n\t\t\t\t\t        <div class=\"elementor-image-gallery\">\n\t\t\t<div id='gallery-1' class='gallery galleryid-1328 gallery-columns-3 gallery-size-full'><figure class='gallery-item'>\n\t\t\t<div class='gallery-icon landscape'>\n\t\t\t\t<a data-elementor-open-lightbox=\"yes\" data-elementor-lightbox-slideshow=\"1190742\" data-elementor-lightbox-title=\"dish2\" data-e-action-hash=\"#elementor-action%3Aaction%3Dlightbox%26settings%3DeyJpZCI6MjUyMCwidXJsIjoiaHR0cHM6XC9cL3BvdWxldG9zLmNvbVwvTm91dmVhdVwvd3AtY29udGVudFwvdXBsb2Fkc1wvMjAyNVwvMTFcL2Rpc2gyLnBuZyIsInNsaWRlc2hvdyI6IjExOTA3NDIifQ%3D%3D\" href='https:\/\/pouletos.com\/Nouveau\/wp-content\/uploads\/2025\/11\/dish2.png'><img width=\"294\" height=\"291\" src=\"https:\/\/pouletos.com\/Nouveau\/wp-content\/uploads\/2025\/11\/dish2.png\" class=\"attachment-full size-full\" alt=\"\" srcset=\"https:\/\/pouletos.com\/Nouveau\/wp-content\/uploads\/2025\/11\/dish2.png 294w, https:\/\/pouletos.com\/Nouveau\/wp-content\/uploads\/2025\/11\/dish2-100x100.png 100w, https:\/\/pouletos.com\/Nouveau\/wp-content\/uploads\/2025\/11\/dish2-96x96.png 96w\" sizes=\"(max-width: 294px) 100vw, 294px\" \/><\/a>\n\t\t\t<\/div><\/figure><figure class='gallery-item'>\n\t\t\t<div class='gallery-icon landscape'>\n\t\t\t\t<a data-elementor-open-lightbox=\"yes\" data-elementor-lightbox-slideshow=\"1190742\" data-elementor-lightbox-title=\"dish5\" data-e-action-hash=\"#elementor-action%3Aaction%3Dlightbox%26settings%3DeyJpZCI6MjUxOSwidXJsIjoiaHR0cHM6XC9cL3BvdWxldG9zLmNvbVwvTm91dmVhdVwvd3AtY29udGVudFwvdXBsb2Fkc1wvMjAyNVwvMTFcL2Rpc2g1LnBuZyIsInNsaWRlc2hvdyI6IjExOTA3NDIifQ%3D%3D\" href='https:\/\/pouletos.com\/Nouveau\/wp-content\/uploads\/2025\/11\/dish5.png'><img loading=\"lazy\" width=\"294\" height=\"291\" src=\"https:\/\/pouletos.com\/Nouveau\/wp-content\/uploads\/2025\/11\/dish5.png\" class=\"attachment-full size-full\" alt=\"\" srcset=\"https:\/\/pouletos.com\/Nouveau\/wp-content\/uploads\/2025\/11\/dish5.png 294w, https:\/\/pouletos.com\/Nouveau\/wp-content\/uploads\/2025\/11\/dish5-100x100.png 100w, https:\/\/pouletos.com\/Nouveau\/wp-content\/uploads\/2025\/11\/dish5-96x96.png 96w\" sizes=\"(max-width: 294px) 100vw, 294px\" \/><\/a>\n\t\t\t<\/div><\/figure><figure class='gallery-item'>\n\t\t\t<div class='gallery-icon landscape'>\n\t\t\t\t<a data-elementor-open-lightbox=\"yes\" data-elementor-lightbox-slideshow=\"1190742\" data-elementor-lightbox-title=\"dish4\" data-e-action-hash=\"#elementor-action%3Aaction%3Dlightbox%26settings%3DeyJpZCI6MjUxOCwidXJsIjoiaHR0cHM6XC9cL3BvdWxldG9zLmNvbVwvTm91dmVhdVwvd3AtY29udGVudFwvdXBsb2Fkc1wvMjAyNVwvMTFcL2Rpc2g0LnBuZyIsInNsaWRlc2hvdyI6IjExOTA3NDIifQ%3D%3D\" href='https:\/\/pouletos.com\/Nouveau\/wp-content\/uploads\/2025\/11\/dish4.png'><img loading=\"lazy\" width=\"294\" height=\"291\" src=\"https:\/\/pouletos.com\/Nouveau\/wp-content\/uploads\/2025\/11\/dish4.png\" class=\"attachment-full size-full\" alt=\"\" srcset=\"https:\/\/pouletos.com\/Nouveau\/wp-content\/uploads\/2025\/11\/dish4.png 294w, https:\/\/pouletos.com\/Nouveau\/wp-content\/uploads\/2025\/11\/dish4-100x100.png 100w, https:\/\/pouletos.com\/Nouveau\/wp-content\/uploads\/2025\/11\/dish4-96x96.png 96w\" sizes=\"(max-width: 294px) 100vw, 294px\" \/><\/a>\n\t\t\t<\/div><\/figure>\n\t\t<\/div>\n        <\/div>\n\t\t\t\t\t\t<\/div>\n\t\t\t\t<\/div>\n\t\t\t\t\t<\/div>\n\t\t\t\t<\/div>\n\t\t<div class=\"elementor-element elementor-element-333cc20 e-flex e-con-boxed e-con e-parent\" data-id=\"333cc20\" data-element_type=\"container\" data-settings=\"{&quot;background_background&quot;:&quot;classic&quot;}\">\n\t\t\t\t\t<div class=\"e-con-inner\">\n\t\t<div class=\"lb-parallax-section lb-parallax elementor-element elementor-element-f679aae e-con-full e-flex e-con e-child\" data-lb-parallax-speed=\"0.2\" data-lb-parallax-bleed=\"0\" data-id=\"f679aae\" data-element_type=\"container\" data-settings=\"{&quot;background_background&quot;:&quot;slideshow&quot;,&quot;background_slideshow_gallery&quot;:[{&quot;id&quot;:2579,&quot;url&quot;:&quot;https:\\\/\\\/pouletos.com\\\/Nouveau\\\/wp-content\\\/uploads\\\/2025\\\/11\\\/Gemini_Generated_Image_wmv9ddwmv9ddwmv9.png&quot;}],&quot;background_slideshow_loop&quot;:&quot;yes&quot;,&quot;background_slideshow_slide_duration&quot;:5000,&quot;background_slideshow_slide_transition&quot;:&quot;fade&quot;,&quot;background_slideshow_transition_duration&quot;:500}\">\n\t\t\t\t<div class=\"elementor-element elementor-element-ff19e62 elementor-widget elementor-widget-image\" data-id=\"ff19e62\" data-element_type=\"widget\" data-widget_type=\"image.default\">\n\t\t\t\t\t\t\t\t\t\t\t\t\t\t\t<img loading=\"lazy\" width=\"720\" height=\"640\" src=\"https:\/\/pouletos.com\/Nouveau\/wp-content\/uploads\/2023\/05\/about-banner-1-1.jpg\" class=\"attachment-full size-full wp-image-1765\" alt=\"\" srcset=\"https:\/\/pouletos.com\/Nouveau\/wp-content\/uploads\/2023\/05\/about-banner-1-1.jpg 720w, https:\/\/pouletos.com\/Nouveau\/wp-content\/uploads\/2023\/05\/about-banner-1-1-300x267.jpg 300w, https:\/\/pouletos.com\/Nouveau\/wp-content\/uploads\/2023\/05\/about-banner-1-1-600x533.jpg 600w\" sizes=\"(max-width: 720px) 100vw, 720px\" \/>\t\t\t\t\t\t\t\t\t\t\t\t\t\t\t<\/div>\n\t\t\t\t<\/div>\n\t\t<div class=\"elementor-element elementor-element-d18d82e e-con-full e-flex e-con e-child\" data-id=\"d18d82e\" data-element_type=\"container\">\n\t\t<div class=\"elementor-element elementor-element-13b8fea e-con-full e-flex e-con e-child\" data-id=\"13b8fea\" data-element_type=\"container\">\n\t\t\t\t<div class=\"elementor-element elementor-element-63430cf elementor-widget elementor-widget-heading\" data-id=\"63430cf\" data-element_type=\"widget\" data-widget_type=\"heading.default\">\n\t\t\t\t\t<h2 class=\"elementor-heading-title elementor-size-default\">30+ Magasins en France<\/h2>\t\t\t\t<\/div>\n\t\t\t\t<div class=\"elementor-element elementor-element-3c7dc95 elementor-widget elementor-widget-text-editor\" data-id=\"3c7dc95\" data-element_type=\"widget\" data-widget_type=\"text-editor.default\">\n\t\t\t\t\t\t\t\t\t<p>Gr\u00e2ce \u00e0 la fid\u00e9lit\u00e9 de nos clients et \u00e0 l\u2019essor de notre concept, Pouletos Brais\u00e9 conna\u00eet une croissance rapide.<br data-start=\"1826\" data-end=\"1829\" \/>Avec <strong data-start=\"1834\" data-end=\"1889\">plus de 30 magasins r\u00e9partis sur tout le territoire<\/strong>, nous poursuivons notre d\u00e9veloppement pour rendre notre savoir-faire accessible au plus grand nombre \u2014 tout en conservant notre exigence de qualit\u00e9.<\/p>\t\t\t\t\t\t\t\t<\/div>\n\t\t\t\t<div class=\"elementor-element elementor-element-83adee1 elementor-view-default elementor-widget elementor-widget-icon\" data-id=\"83adee1\" data-element_type=\"widget\" data-widget_type=\"icon.default\">\n\t\t\t\t\t\t\t<div class=\"elementor-icon-wrapper\">\n\t\t\t<div class=\"elementor-icon\">\n\t\t\t\t\t\t<\/div>\n\t\t<\/div>\n\t\t\t\t\t\t<\/div>\n\t\t\t\t<\/div>\n\t\t\t\t<\/div>\n\t\t\t\t\t<\/div>\n\t\t\t\t<\/div>\n\t\t\t\t<\/div>\n\t\t","protected":false},"excerpt":{"rendered":"<p>PouletwingsRizP\u00e2tes \u00c0 propos de nous Pouletos est aujourd\u2019hui la r\u00e9f\u00e9rence du poulet brais\u00e9 en France, avec plus de 30 magasins implant\u00e9s dans tout le pays. Notre histoire repose sur une passion : offrir un poulet brais\u00e9 d\u2019exception, pr\u00e9par\u00e9 avec un savoir-faire unique, des ingr\u00e9dients de qualit\u00e9 et une g\u00e9n\u00e9rosit\u00e9 qui fait notre r\u00e9putation. INTRODUCING Notre [&hellip;]<\/p>\n","protected":false},"author":1,"featured_media":0,"parent":0,"menu_order":0,"comment_status":"closed","ping_status":"closed","template":"elementor_header_footer","meta":{"footnotes":""},"class_list":["post-1328","page","type-page","status-publish","hentry"],"_links":{"self":[{"href":"https:\/\/pouletos.com\/Nouveau\/wp-json\/wp\/v2\/pages\/1328","targetHints":{"allow":["GET"]}}],"collection":[{"href":"https:\/\/pouletos.com\/Nouveau\/wp-json\/wp\/v2\/pages"}],"about":[{"href":"https:\/\/pouletos.com\/Nouveau\/wp-json\/wp\/v2\/types\/page"}],"author":[{"embeddable":true,"href":"https:\/\/pouletos.com\/Nouveau\/wp-json\/wp\/v2\/users\/1"}],"replies":[{"embeddable":true,"href":"https:\/\/pouletos.com\/Nouveau\/wp-json\/wp\/v2\/comments?post=1328"}],"version-history":[{"count":23,"href":"https:\/\/pouletos.com\/Nouveau\/wp-json\/wp\/v2\/pages\/1328\/revisions"}],"predecessor-version":[{"id":2741,"href":"https:\/\/pouletos.com\/Nouveau\/wp-json\/wp\/v2\/pages\/1328\/revisions\/2741"}],"wp:attachment":[{"href":"https:\/\/pouletos.com\/Nouveau\/wp-json\/wp\/v2\/media?parent=1328"}],"curies":[{"name":"wp","href":"https:\/\/api.w.org\/{rel}","templated":true}]}}